{"id":10982,"date":"2024-05-18T21:29:56","date_gmt":"2024-05-18T19:29:56","guid":{"rendered":"https:\/\/bintiparis.com\/?post_type=product&#038;p=10982"},"modified":"2024-06-22T14:51:58","modified_gmt":"2024-06-22T12:51:58","slug":"fibule-rose-gold","status":"publish","type":"product","link":"https:\/\/bintiparis.com\/index.php\/product\/fibule-rose-gold\/","title":{"rendered":"FIBULE Rose gold"},"content":{"rendered":"<p>Bijou de sac signature grav\u00e9 BINTI, inspir\u00e9 des bijoux traditionnels port\u00e9s par les femmes berb\u00e8res lors d&rsquo;\u00e9v\u00e9nements festifs et des mariages, rehausse les cuirs de nos sacs et habille les tenues contemporaines avec sophistication.<\/p>\n<p><strong><em>Mat\u00e9riau<\/em><\/strong> : Zamak<br \/>\n<em><strong>Poids<\/strong> <\/em>: 37,1g<br \/>\n<em><strong>Coloris disponibles<\/strong><\/em> : Rose or, Nickel, Dor\u00e9 vibr\u00e9<br \/>\n<em><strong>Taille<\/strong><\/em> : 37,70 mm avec cha\u00eene 163,5mm<\/p>\n<p>&nbsp;<\/p>\n","protected":false},"excerpt":{"rendered":"<p>Bijou de sac signature grav\u00e9 BINTI, inspir\u00e9 des bijoux traditionnels port\u00e9s par les femmes berb\u00e8res lors d&rsquo;\u00e9v\u00e9nements festifs et des mariages, rehausse les cuirs de nos sacs et habille les tenues contemporaines avec sophistication.\u00a0\u00bb<\/p>\n","protected":false},"featured_media":11418,"template":"","meta":[],"product_cat":[159,161],"product_tag":[],"class_list":{"0":"post-10982","1":"product","2":"type-product","3":"status-publish","4":"has-post-thumbnail","6":"product_brand-binti","7":"product_cat-accessoires","8":"product_cat-fibules","10":"first","11":"instock","12":"taxable","13":"shipping-taxable","14":"purchasable","15":"product-type-variable","16":"has-default-attributes"},"yoast_head":"<!-- This site is optimized with the Yoast SEO plugin v27.4 - https:\/\/yoast.com\/product\/yoast-seo-wordpress\/ -->\n<title>FIBULE Rose gold - BINTI<\/title>\n<meta name=\"robots\" content=\"index, follow, max-snippet:-1, max-image-preview:large, max-video-preview:-1\" \/>\n<link rel=\"canonical\" href=\"https:\/\/bintiparis.com\/index.php\/product\/fibule-rose-gold\/\" \/>\n<meta property=\"og:locale\" content=\"fr_FR\" \/>\n<meta property=\"og:type\" content=\"article\" \/>\n<meta property=\"og:title\" content=\"FIBULE Rose gold - BINTI\" \/>\n<meta property=\"og:description\" content=\"Bijou de sac signature grav\u00e9 BINTI, inspir\u00e9 des bijoux traditionnels port\u00e9s par les femmes berb\u00e8res lors d&#039;\u00e9v\u00e9nements festifs et des mariages, rehausse les cuirs de nos sacs et habille les tenues contemporaines avec sophistication.&quot;\" \/>\n<meta property=\"og:url\" content=\"https:\/\/bintiparis.com\/index.php\/product\/fibule-rose-gold\/\" \/>\n<meta property=\"og:site_name\" content=\"BINTI\" \/>\n<meta property=\"article:publisher\" content=\"https:\/\/www.facebook.com\/people\/Binti-Paris\/61560172855972\/\" \/>\n<meta property=\"article:modified_time\" content=\"2024-06-22T12:51:58+00:00\" \/>\n<meta property=\"og:image\" content=\"https:\/\/bintiparis.com\/wp-content\/uploads\/2024\/05\/Fibule-rose.png\" \/>\n\t<meta property=\"og:image:width\" content=\"1953\" \/>\n\t<meta property=\"og:image:height\" content=\"1896\" \/>\n\t<meta property=\"og:image:type\" content=\"image\/png\" \/>\n<meta name=\"twitter:card\" content=\"summary_large_image\" \/>\n<script type=\"application\/ld+json\" class=\"yoast-schema-graph\">{\"@context\":\"https:\\\/\\\/schema.org\",\"@graph\":[{\"@type\":\"WebPage\",\"@id\":\"https:\\\/\\\/bintiparis.com\\\/index.php\\\/product\\\/fibule-rose-gold\\\/\",\"url\":\"https:\\\/\\\/bintiparis.com\\\/index.php\\\/product\\\/fibule-rose-gold\\\/\",\"name\":\"FIBULE Rose gold - BINTI\",\"isPartOf\":{\"@id\":\"https:\\\/\\\/bintiparis.com\\\/#website\"},\"primaryImageOfPage\":{\"@id\":\"https:\\\/\\\/bintiparis.com\\\/index.php\\\/product\\\/fibule-rose-gold\\\/#primaryimage\"},\"image\":{\"@id\":\"https:\\\/\\\/bintiparis.com\\\/index.php\\\/product\\\/fibule-rose-gold\\\/#primaryimage\"},\"thumbnailUrl\":\"https:\\\/\\\/bintiparis.com\\\/wp-content\\\/uploads\\\/2024\\\/05\\\/Fibule-rose.png\",\"datePublished\":\"2024-05-18T19:29:56+00:00\",\"dateModified\":\"2024-06-22T12:51:58+00:00\",\"breadcrumb\":{\"@id\":\"https:\\\/\\\/bintiparis.com\\\/index.php\\\/product\\\/fibule-rose-gold\\\/#breadcrumb\"},\"inLanguage\":\"fr-FR\",\"potentialAction\":[{\"@type\":\"ReadAction\",\"target\":[\"https:\\\/\\\/bintiparis.com\\\/index.php\\\/product\\\/fibule-rose-gold\\\/\"]}]},{\"@type\":\"ImageObject\",\"inLanguage\":\"fr-FR\",\"@id\":\"https:\\\/\\\/bintiparis.com\\\/index.php\\\/product\\\/fibule-rose-gold\\\/#primaryimage\",\"url\":\"https:\\\/\\\/bintiparis.com\\\/wp-content\\\/uploads\\\/2024\\\/05\\\/Fibule-rose.png\",\"contentUrl\":\"https:\\\/\\\/bintiparis.com\\\/wp-content\\\/uploads\\\/2024\\\/05\\\/Fibule-rose.png\",\"width\":1953,\"height\":1896,\"caption\":\"Fibule rose\"},{\"@type\":\"BreadcrumbList\",\"@id\":\"https:\\\/\\\/bintiparis.com\\\/index.php\\\/product\\\/fibule-rose-gold\\\/#breadcrumb\",\"itemListElement\":[{\"@type\":\"ListItem\",\"position\":1,\"name\":\"Accueil\",\"item\":\"https:\\\/\\\/bintiparis.com\\\/\"},{\"@type\":\"ListItem\",\"position\":2,\"name\":\"Shop\",\"item\":\"https:\\\/\\\/bintiparis.com\\\/index.php\\\/shop\\\/\"},{\"@type\":\"ListItem\",\"position\":3,\"name\":\"FIBULE Rose gold\"}]},{\"@type\":\"WebSite\",\"@id\":\"https:\\\/\\\/bintiparis.com\\\/#website\",\"url\":\"https:\\\/\\\/bintiparis.com\\\/\",\"name\":\"BINTI\",\"description\":\"Maison de Maroquinerie Haut de Gamme Engag\u00e9e\",\"publisher\":{\"@id\":\"https:\\\/\\\/bintiparis.com\\\/#organization\"},\"potentialAction\":[{\"@type\":\"SearchAction\",\"target\":{\"@type\":\"EntryPoint\",\"urlTemplate\":\"https:\\\/\\\/bintiparis.com\\\/?s={search_term_string}\"},\"query-input\":{\"@type\":\"PropertyValueSpecification\",\"valueRequired\":true,\"valueName\":\"search_term_string\"}}],\"inLanguage\":\"fr-FR\"},{\"@type\":\"Organization\",\"@id\":\"https:\\\/\\\/bintiparis.com\\\/#organization\",\"name\":\"BINTI\",\"url\":\"https:\\\/\\\/bintiparis.com\\\/\",\"logo\":{\"@type\":\"ImageObject\",\"inLanguage\":\"fr-FR\",\"@id\":\"https:\\\/\\\/bintiparis.com\\\/#\\\/schema\\\/logo\\\/image\\\/\",\"url\":\"https:\\\/\\\/bintiparis.com\\\/wp-content\\\/uploads\\\/2024\\\/09\\\/BINTI-Def-vectoriel-fond-transparent.png\",\"contentUrl\":\"https:\\\/\\\/bintiparis.com\\\/wp-content\\\/uploads\\\/2024\\\/09\\\/BINTI-Def-vectoriel-fond-transparent.png\",\"width\":4133,\"height\":6327,\"caption\":\"BINTI\"},\"image\":{\"@id\":\"https:\\\/\\\/bintiparis.com\\\/#\\\/schema\\\/logo\\\/image\\\/\"},\"sameAs\":[\"https:\\\/\\\/www.facebook.com\\\/people\\\/Binti-Paris\\\/61560172855972\\\/\",\"https:\\\/\\\/www.instagram.com\\\/binti.paris\\\/\",\"https:\\\/\\\/www.tiktok.com\\\/@binti.paris\"]}]}<\/script>\n<!-- \/ Yoast SEO plugin. -->","yoast_head_json":{"title":"FIBULE Rose gold - BINTI","robots":{"index":"index","follow":"follow","max-snippet":"max-snippet:-1","max-image-preview":"max-image-preview:large","max-video-preview":"max-video-preview:-1"},"canonical":"https:\/\/bintiparis.com\/index.php\/product\/fibule-rose-gold\/","og_locale":"fr_FR","og_type":"article","og_title":"FIBULE Rose gold - BINTI","og_description":"Bijou de sac signature grav\u00e9 BINTI, inspir\u00e9 des bijoux traditionnels port\u00e9s par les femmes berb\u00e8res lors d'\u00e9v\u00e9nements festifs et des mariages, rehausse les cuirs de nos sacs et habille les tenues contemporaines avec sophistication.\"","og_url":"https:\/\/bintiparis.com\/index.php\/product\/fibule-rose-gold\/","og_site_name":"BINTI","article_publisher":"https:\/\/www.facebook.com\/people\/Binti-Paris\/61560172855972\/","article_modified_time":"2024-06-22T12:51:58+00:00","og_image":[{"width":1953,"height":1896,"url":"https:\/\/bintiparis.com\/wp-content\/uploads\/2024\/05\/Fibule-rose.png","type":"image\/png"}],"twitter_card":"summary_large_image","schema":{"@context":"https:\/\/schema.org","@graph":[{"@type":"WebPage","@id":"https:\/\/bintiparis.com\/index.php\/product\/fibule-rose-gold\/","url":"https:\/\/bintiparis.com\/index.php\/product\/fibule-rose-gold\/","name":"FIBULE Rose gold - BINTI","isPartOf":{"@id":"https:\/\/bintiparis.com\/#website"},"primaryImageOfPage":{"@id":"https:\/\/bintiparis.com\/index.php\/product\/fibule-rose-gold\/#primaryimage"},"image":{"@id":"https:\/\/bintiparis.com\/index.php\/product\/fibule-rose-gold\/#primaryimage"},"thumbnailUrl":"https:\/\/bintiparis.com\/wp-content\/uploads\/2024\/05\/Fibule-rose.png","datePublished":"2024-05-18T19:29:56+00:00","dateModified":"2024-06-22T12:51:58+00:00","breadcrumb":{"@id":"https:\/\/bintiparis.com\/index.php\/product\/fibule-rose-gold\/#breadcrumb"},"inLanguage":"fr-FR","potentialAction":[{"@type":"ReadAction","target":["https:\/\/bintiparis.com\/index.php\/product\/fibule-rose-gold\/"]}]},{"@type":"ImageObject","inLanguage":"fr-FR","@id":"https:\/\/bintiparis.com\/index.php\/product\/fibule-rose-gold\/#primaryimage","url":"https:\/\/bintiparis.com\/wp-content\/uploads\/2024\/05\/Fibule-rose.png","contentUrl":"https:\/\/bintiparis.com\/wp-content\/uploads\/2024\/05\/Fibule-rose.png","width":1953,"height":1896,"caption":"Fibule rose"},{"@type":"BreadcrumbList","@id":"https:\/\/bintiparis.com\/index.php\/product\/fibule-rose-gold\/#breadcrumb","itemListElement":[{"@type":"ListItem","position":1,"name":"Accueil","item":"https:\/\/bintiparis.com\/"},{"@type":"ListItem","position":2,"name":"Shop","item":"https:\/\/bintiparis.com\/index.php\/shop\/"},{"@type":"ListItem","position":3,"name":"FIBULE Rose gold"}]},{"@type":"WebSite","@id":"https:\/\/bintiparis.com\/#website","url":"https:\/\/bintiparis.com\/","name":"BINTI","description":"Maison de Maroquinerie Haut de Gamme Engag\u00e9e","publisher":{"@id":"https:\/\/bintiparis.com\/#organization"},"potentialAction":[{"@type":"SearchAction","target":{"@type":"EntryPoint","urlTemplate":"https:\/\/bintiparis.com\/?s={search_term_string}"},"query-input":{"@type":"PropertyValueSpecification","valueRequired":true,"valueName":"search_term_string"}}],"inLanguage":"fr-FR"},{"@type":"Organization","@id":"https:\/\/bintiparis.com\/#organization","name":"BINTI","url":"https:\/\/bintiparis.com\/","logo":{"@type":"ImageObject","inLanguage":"fr-FR","@id":"https:\/\/bintiparis.com\/#\/schema\/logo\/image\/","url":"https:\/\/bintiparis.com\/wp-content\/uploads\/2024\/09\/BINTI-Def-vectoriel-fond-transparent.png","contentUrl":"https:\/\/bintiparis.com\/wp-content\/uploads\/2024\/09\/BINTI-Def-vectoriel-fond-transparent.png","width":4133,"height":6327,"caption":"BINTI"},"image":{"@id":"https:\/\/bintiparis.com\/#\/schema\/logo\/image\/"},"sameAs":["https:\/\/www.facebook.com\/people\/Binti-Paris\/61560172855972\/","https:\/\/www.instagram.com\/binti.paris\/","https:\/\/www.tiktok.com\/@binti.paris"]}]}},"jetpack_sharing_enabled":true,"_links":{"self":[{"href":"https:\/\/bintiparis.com\/index.php\/wp-json\/wp\/v2\/product\/10982","targetHints":{"allow":["GET"]}}],"collection":[{"href":"https:\/\/bintiparis.com\/index.php\/wp-json\/wp\/v2\/product"}],"about":[{"href":"https:\/\/bintiparis.com\/index.php\/wp-json\/wp\/v2\/types\/product"}],"version-history":[{"count":4,"href":"https:\/\/bintiparis.com\/index.php\/wp-json\/wp\/v2\/product\/10982\/revisions"}],"predecessor-version":[{"id":11659,"href":"https:\/\/bintiparis.com\/index.php\/wp-json\/wp\/v2\/product\/10982\/revisions\/11659"}],"wp:featuredmedia":[{"embeddable":true,"href":"https:\/\/bintiparis.com\/index.php\/wp-json\/wp\/v2\/media\/11418"}],"wp:attachment":[{"href":"https:\/\/bintiparis.com\/index.php\/wp-json\/wp\/v2\/media?parent=10982"}],"wp:term":[{"taxonomy":"product_cat","embeddable":true,"href":"https:\/\/bintiparis.com\/index.php\/wp-json\/wp\/v2\/product_cat?post=10982"},{"taxonomy":"product_tag","embeddable":true,"href":"https:\/\/bintiparis.com\/index.php\/wp-json\/wp\/v2\/product_tag?post=10982"}],"curies":[{"name":"wp","href":"https:\/\/api.w.org\/{rel}","templated":true}]}}