{"id":10913,"date":"2024-05-18T20:50:32","date_gmt":"2024-05-18T18:50:32","guid":{"rendered":"https:\/\/bintiparis.com\/?post_type=product&#038;p=10913"},"modified":"2025-04-29T13:51:27","modified_gmt":"2025-04-29T11:51:27","slug":"rosa-noir","status":"publish","type":"product","link":"https:\/\/bintiparis.com\/index.php\/product\/rosa-noir\/","title":{"rendered":"ROSA Noir"},"content":{"rendered":"<p>Le Rosa est un sac seau avec une ouverture coquelicot arborant les couleurs vives de ma soie v\u00e9ritable rehauss\u00e9 par un bijou de sac signature grav\u00e9 BINTI ajustable et modifiable selon l&rsquo;humeur et la tenue du jour.<\/p>\n<p>&nbsp;<\/p>\n<p><em><strong>Dimensions et port\u00e9s<\/strong><\/em><\/p>\n<ul>\n<li>Dimensions : 23x 20 x 15,5 cm.<\/li>\n<li>Livr\u00e9 avec une bandouli\u00e8re ajustable gr\u00e2ce sa fibule m\u00e9tallique pour un port\u00e9 long en bandouli\u00e8re ou \u00e0 l\u2019\u00e9paule ou type \u00ab baguette \u00bb.<\/li>\n<li>Poche int\u00e9rieure.<\/li>\n<li>Fermeture int\u00e9rieure double rabat aimant\u00e9e<\/li>\n<li>Fermeture ext\u00e9rieure cordelette en cuir.<\/li>\n<li>Pour le jour et le soir<\/li>\n<\/ul>\n<p>&nbsp;<\/p>\n<p><strong><em>Mat\u00e9riaux<\/em><\/strong><\/p>\n<ul>\n<li>Cuir de vache grain\u00e9<\/li>\n<li>Doublure 100% cuir.<\/li>\n<li>Fibule m\u00e9tallique \u00d837,70 mm avec cha\u00eene 163,5mm disponible en 3 coloris Or Rose \/ Dor\u00e9 \/ Nickel<\/li>\n<li>Sourc\u00e9s aupr\u00e8s de tanneries europ\u00e9ennes, les cuirs s\u00e9lectionn\u00e9s par BINTI n\u00e9cessitent peu d\u2019entretien.<\/li>\n<li>Quelques gestes permettent d\u2019en pr\u00e9server l\u2019apparence originelle.<\/li>\n<li>Eviter l\u2019exposition prolong\u00e9e \u00e0 la lumi\u00e8re directe, la chaleur et tout contact avec l\u2019eau, les corps gras, les parfums et cosm\u00e9tiques.<\/li>\n<li>Attention aux v\u00eatements fonc\u00e9s et neufs dont la teinture pourrait d\u00e9gorger.<\/li>\n<li>Si le cuir vient \u00e0 \u00eatre mouill\u00e9, absorber l\u2019exc\u00e8s \u00e0 l&rsquo;aide d\u2019un chiffon doux.<\/li>\n<li>Laisser s\u00e9cher \u00e0 temp\u00e9rature ambiante. Il n\u2019est pas n\u00e9cessaire d\u2019appliquer une cr\u00e8me d\u2019entretien.<\/li>\n<li>Ne pas surcharger le sac, le conserver dans son pochon<\/li>\n<li>Afin de prolonger le port\u00e9 de ses mod\u00e8les, BINTI propose un service de r\u00e9paration<\/li>\n<\/ul>\n","protected":false},"excerpt":{"rendered":"<p>Le Rosa est un sac seau avec une ouverture coquelicot arborant les couleurs vives de ma soie v\u00e9ritable rehauss\u00e9 par un bijou de sac signature grav\u00e9 BINTI ajustable et modifiable selon l&rsquo;humeur et la tenue du jour.<\/p>\n","protected":false},"featured_media":11456,"template":"","meta":[],"product_cat":[158,175],"product_tag":[],"class_list":{"0":"post-10913","1":"product","2":"type-product","3":"status-publish","4":"has-post-thumbnail","6":"product_brand-binti","7":"product_cat-maroquinerie","8":"product_cat-rosa","10":"first","11":"instock","12":"taxable","13":"shipping-taxable","14":"purchasable","15":"product-type-variable","16":"has-default-attributes"},"yoast_head":"<!-- This site is optimized with the Yoast SEO plugin v27.4 - https:\/\/yoast.com\/product\/yoast-seo-wordpress\/ -->\n<title>ROSA Noir - BINTI<\/title>\n<meta name=\"robots\" content=\"index, follow, max-snippet:-1, max-image-preview:large, max-video-preview:-1\" \/>\n<link rel=\"canonical\" href=\"https:\/\/bintiparis.com\/index.php\/product\/rosa-noir\/\" \/>\n<meta property=\"og:locale\" content=\"fr_FR\" \/>\n<meta property=\"og:type\" content=\"article\" \/>\n<meta property=\"og:title\" content=\"ROSA Noir - BINTI\" \/>\n<meta property=\"og:description\" content=\"Le Rosa est un sac seau avec une ouverture coquelicot arborant les couleurs vives de ma soie v\u00e9ritable rehauss\u00e9 par un bijou de sac signature grav\u00e9 BINTI ajustable et modifiable selon l&#039;humeur et la tenue du jour.\" \/>\n<meta property=\"og:url\" content=\"https:\/\/bintiparis.com\/index.php\/product\/rosa-noir\/\" \/>\n<meta property=\"og:site_name\" content=\"BINTI\" \/>\n<meta property=\"article:publisher\" content=\"https:\/\/www.facebook.com\/people\/Binti-Paris\/61560172855972\/\" \/>\n<meta property=\"article:modified_time\" content=\"2025-04-29T11:51:27+00:00\" \/>\n<meta property=\"og:image\" content=\"https:\/\/bintiparis.com\/wp-content\/uploads\/2024\/05\/Design-sans-titre-3.png\" \/>\n\t<meta property=\"og:image:width\" content=\"1953\" \/>\n\t<meta property=\"og:image:height\" content=\"1896\" \/>\n\t<meta property=\"og:image:type\" content=\"image\/png\" \/>\n<meta name=\"twitter:card\" content=\"summary_large_image\" \/>\n<meta name=\"twitter:label1\" content=\"Dur\u00e9e de lecture estim\u00e9e\" \/>\n\t<meta name=\"twitter:data1\" content=\"2 minutes\" \/>\n<script type=\"application\/ld+json\" class=\"yoast-schema-graph\">{\"@context\":\"https:\\\/\\\/schema.org\",\"@graph\":[{\"@type\":\"WebPage\",\"@id\":\"https:\\\/\\\/bintiparis.com\\\/index.php\\\/product\\\/rosa-noir\\\/\",\"url\":\"https:\\\/\\\/bintiparis.com\\\/index.php\\\/product\\\/rosa-noir\\\/\",\"name\":\"ROSA Noir - BINTI\",\"isPartOf\":{\"@id\":\"https:\\\/\\\/bintiparis.com\\\/#website\"},\"primaryImageOfPage\":{\"@id\":\"https:\\\/\\\/bintiparis.com\\\/index.php\\\/product\\\/rosa-noir\\\/#primaryimage\"},\"image\":{\"@id\":\"https:\\\/\\\/bintiparis.com\\\/index.php\\\/product\\\/rosa-noir\\\/#primaryimage\"},\"thumbnailUrl\":\"https:\\\/\\\/bintiparis.com\\\/wp-content\\\/uploads\\\/2024\\\/05\\\/Design-sans-titre-3.png\",\"datePublished\":\"2024-05-18T18:50:32+00:00\",\"dateModified\":\"2025-04-29T11:51:27+00:00\",\"breadcrumb\":{\"@id\":\"https:\\\/\\\/bintiparis.com\\\/index.php\\\/product\\\/rosa-noir\\\/#breadcrumb\"},\"inLanguage\":\"fr-FR\",\"potentialAction\":[{\"@type\":\"ReadAction\",\"target\":[\"https:\\\/\\\/bintiparis.com\\\/index.php\\\/product\\\/rosa-noir\\\/\"]}]},{\"@type\":\"ImageObject\",\"inLanguage\":\"fr-FR\",\"@id\":\"https:\\\/\\\/bintiparis.com\\\/index.php\\\/product\\\/rosa-noir\\\/#primaryimage\",\"url\":\"https:\\\/\\\/bintiparis.com\\\/wp-content\\\/uploads\\\/2024\\\/05\\\/Design-sans-titre-3.png\",\"contentUrl\":\"https:\\\/\\\/bintiparis.com\\\/wp-content\\\/uploads\\\/2024\\\/05\\\/Design-sans-titre-3.png\",\"width\":1953,\"height\":1896,\"caption\":\"Rosa Noir\"},{\"@type\":\"BreadcrumbList\",\"@id\":\"https:\\\/\\\/bintiparis.com\\\/index.php\\\/product\\\/rosa-noir\\\/#breadcrumb\",\"itemListElement\":[{\"@type\":\"ListItem\",\"position\":1,\"name\":\"Accueil\",\"item\":\"https:\\\/\\\/bintiparis.com\\\/\"},{\"@type\":\"ListItem\",\"position\":2,\"name\":\"Shop\",\"item\":\"https:\\\/\\\/bintiparis.com\\\/index.php\\\/shop\\\/\"},{\"@type\":\"ListItem\",\"position\":3,\"name\":\"ROSA Noir\"}]},{\"@type\":\"WebSite\",\"@id\":\"https:\\\/\\\/bintiparis.com\\\/#website\",\"url\":\"https:\\\/\\\/bintiparis.com\\\/\",\"name\":\"BINTI\",\"description\":\"Maison de Maroquinerie Haut de Gamme Engag\u00e9e\",\"publisher\":{\"@id\":\"https:\\\/\\\/bintiparis.com\\\/#organization\"},\"potentialAction\":[{\"@type\":\"SearchAction\",\"target\":{\"@type\":\"EntryPoint\",\"urlTemplate\":\"https:\\\/\\\/bintiparis.com\\\/?s={search_term_string}\"},\"query-input\":{\"@type\":\"PropertyValueSpecification\",\"valueRequired\":true,\"valueName\":\"search_term_string\"}}],\"inLanguage\":\"fr-FR\"},{\"@type\":\"Organization\",\"@id\":\"https:\\\/\\\/bintiparis.com\\\/#organization\",\"name\":\"BINTI\",\"url\":\"https:\\\/\\\/bintiparis.com\\\/\",\"logo\":{\"@type\":\"ImageObject\",\"inLanguage\":\"fr-FR\",\"@id\":\"https:\\\/\\\/bintiparis.com\\\/#\\\/schema\\\/logo\\\/image\\\/\",\"url\":\"https:\\\/\\\/bintiparis.com\\\/wp-content\\\/uploads\\\/2024\\\/09\\\/BINTI-Def-vectoriel-fond-transparent.png\",\"contentUrl\":\"https:\\\/\\\/bintiparis.com\\\/wp-content\\\/uploads\\\/2024\\\/09\\\/BINTI-Def-vectoriel-fond-transparent.png\",\"width\":4133,\"height\":6327,\"caption\":\"BINTI\"},\"image\":{\"@id\":\"https:\\\/\\\/bintiparis.com\\\/#\\\/schema\\\/logo\\\/image\\\/\"},\"sameAs\":[\"https:\\\/\\\/www.facebook.com\\\/people\\\/Binti-Paris\\\/61560172855972\\\/\",\"https:\\\/\\\/www.instagram.com\\\/binti.paris\\\/\",\"https:\\\/\\\/www.tiktok.com\\\/@binti.paris\"]}]}<\/script>\n<!-- \/ Yoast SEO plugin. -->","yoast_head_json":{"title":"ROSA Noir - BINTI","robots":{"index":"index","follow":"follow","max-snippet":"max-snippet:-1","max-image-preview":"max-image-preview:large","max-video-preview":"max-video-preview:-1"},"canonical":"https:\/\/bintiparis.com\/index.php\/product\/rosa-noir\/","og_locale":"fr_FR","og_type":"article","og_title":"ROSA Noir - BINTI","og_description":"Le Rosa est un sac seau avec une ouverture coquelicot arborant les couleurs vives de ma soie v\u00e9ritable rehauss\u00e9 par un bijou de sac signature grav\u00e9 BINTI ajustable et modifiable selon l'humeur et la tenue du jour.","og_url":"https:\/\/bintiparis.com\/index.php\/product\/rosa-noir\/","og_site_name":"BINTI","article_publisher":"https:\/\/www.facebook.com\/people\/Binti-Paris\/61560172855972\/","article_modified_time":"2025-04-29T11:51:27+00:00","og_image":[{"width":1953,"height":1896,"url":"https:\/\/bintiparis.com\/wp-content\/uploads\/2024\/05\/Design-sans-titre-3.png","type":"image\/png"}],"twitter_card":"summary_large_image","twitter_misc":{"Dur\u00e9e de lecture estim\u00e9e":"2 minutes"},"schema":{"@context":"https:\/\/schema.org","@graph":[{"@type":"WebPage","@id":"https:\/\/bintiparis.com\/index.php\/product\/rosa-noir\/","url":"https:\/\/bintiparis.com\/index.php\/product\/rosa-noir\/","name":"ROSA Noir - BINTI","isPartOf":{"@id":"https:\/\/bintiparis.com\/#website"},"primaryImageOfPage":{"@id":"https:\/\/bintiparis.com\/index.php\/product\/rosa-noir\/#primaryimage"},"image":{"@id":"https:\/\/bintiparis.com\/index.php\/product\/rosa-noir\/#primaryimage"},"thumbnailUrl":"https:\/\/bintiparis.com\/wp-content\/uploads\/2024\/05\/Design-sans-titre-3.png","datePublished":"2024-05-18T18:50:32+00:00","dateModified":"2025-04-29T11:51:27+00:00","breadcrumb":{"@id":"https:\/\/bintiparis.com\/index.php\/product\/rosa-noir\/#breadcrumb"},"inLanguage":"fr-FR","potentialAction":[{"@type":"ReadAction","target":["https:\/\/bintiparis.com\/index.php\/product\/rosa-noir\/"]}]},{"@type":"ImageObject","inLanguage":"fr-FR","@id":"https:\/\/bintiparis.com\/index.php\/product\/rosa-noir\/#primaryimage","url":"https:\/\/bintiparis.com\/wp-content\/uploads\/2024\/05\/Design-sans-titre-3.png","contentUrl":"https:\/\/bintiparis.com\/wp-content\/uploads\/2024\/05\/Design-sans-titre-3.png","width":1953,"height":1896,"caption":"Rosa Noir"},{"@type":"BreadcrumbList","@id":"https:\/\/bintiparis.com\/index.php\/product\/rosa-noir\/#breadcrumb","itemListElement":[{"@type":"ListItem","position":1,"name":"Accueil","item":"https:\/\/bintiparis.com\/"},{"@type":"ListItem","position":2,"name":"Shop","item":"https:\/\/bintiparis.com\/index.php\/shop\/"},{"@type":"ListItem","position":3,"name":"ROSA Noir"}]},{"@type":"WebSite","@id":"https:\/\/bintiparis.com\/#website","url":"https:\/\/bintiparis.com\/","name":"BINTI","description":"Maison de Maroquinerie Haut de Gamme Engag\u00e9e","publisher":{"@id":"https:\/\/bintiparis.com\/#organization"},"potentialAction":[{"@type":"SearchAction","target":{"@type":"EntryPoint","urlTemplate":"https:\/\/bintiparis.com\/?s={search_term_string}"},"query-input":{"@type":"PropertyValueSpecification","valueRequired":true,"valueName":"search_term_string"}}],"inLanguage":"fr-FR"},{"@type":"Organization","@id":"https:\/\/bintiparis.com\/#organization","name":"BINTI","url":"https:\/\/bintiparis.com\/","logo":{"@type":"ImageObject","inLanguage":"fr-FR","@id":"https:\/\/bintiparis.com\/#\/schema\/logo\/image\/","url":"https:\/\/bintiparis.com\/wp-content\/uploads\/2024\/09\/BINTI-Def-vectoriel-fond-transparent.png","contentUrl":"https:\/\/bintiparis.com\/wp-content\/uploads\/2024\/09\/BINTI-Def-vectoriel-fond-transparent.png","width":4133,"height":6327,"caption":"BINTI"},"image":{"@id":"https:\/\/bintiparis.com\/#\/schema\/logo\/image\/"},"sameAs":["https:\/\/www.facebook.com\/people\/Binti-Paris\/61560172855972\/","https:\/\/www.instagram.com\/binti.paris\/","https:\/\/www.tiktok.com\/@binti.paris"]}]}},"jetpack_sharing_enabled":true,"_links":{"self":[{"href":"https:\/\/bintiparis.com\/index.php\/wp-json\/wp\/v2\/product\/10913","targetHints":{"allow":["GET"]}}],"collection":[{"href":"https:\/\/bintiparis.com\/index.php\/wp-json\/wp\/v2\/product"}],"about":[{"href":"https:\/\/bintiparis.com\/index.php\/wp-json\/wp\/v2\/types\/product"}],"version-history":[{"count":7,"href":"https:\/\/bintiparis.com\/index.php\/wp-json\/wp\/v2\/product\/10913\/revisions"}],"predecessor-version":[{"id":11449,"href":"https:\/\/bintiparis.com\/index.php\/wp-json\/wp\/v2\/product\/10913\/revisions\/11449"}],"wp:featuredmedia":[{"embeddable":true,"href":"https:\/\/bintiparis.com\/index.php\/wp-json\/wp\/v2\/media\/11456"}],"wp:attachment":[{"href":"https:\/\/bintiparis.com\/index.php\/wp-json\/wp\/v2\/media?parent=10913"}],"wp:term":[{"taxonomy":"product_cat","embeddable":true,"href":"https:\/\/bintiparis.com\/index.php\/wp-json\/wp\/v2\/product_cat?post=10913"},{"taxonomy":"product_tag","embeddable":true,"href":"https:\/\/bintiparis.com\/index.php\/wp-json\/wp\/v2\/product_tag?post=10913"}],"curies":[{"name":"wp","href":"https:\/\/api.w.org\/{rel}","templated":true}]}}